pose -4*q = -2*q - 12. Suppose 4*a = a + q. Let s = -5 + 7. What is the highest common factor of s and a?
2
Let u(z) = z**3 - 16*z**2 - 17*z + 13. Let q be u(17). Calculate the greatest common factor of 39 and q.
13
Suppose 6 = 5*z - 9. Let l(g) = 1 - z - 5*g + g. Let q be l(-6). Calculate the greatest common divisor of q and 11.
11
Suppose 2*s - 42 = -0*s. Suppose d + 4 = 1, -2*l = -d - s. Let z(i) = 20*i**2 - 3*i + 1. Let n be z(1). Calculate the greatest common factor of n and l.
9
Let s(m) = m + 9. Let y be ((-1)/2*0)/1. Let l be s(y). Suppose 3 = -2*i + 15. Calculate the highest common divisor of i and l.
3
Let l = 107 - 90. Suppose -595 = -4*n - 119. What is the highest common factor of l and n?
17
Suppose -2*l - 12 = -5*l. Suppose 4*s - 5*f - 179 = 0, -2*f + 189 = l*s - 5*f. What is the greatest common factor of 17 and s?
17
Let k(b) = -22*b + 4. Let g be k(-3). Let t be 0 + -1*1 + 11. What is the greatest common factor of g and t?
10
Let c(g) be the second derivative of 2*g - 4/3*g**3 + 6*g**2 - 1/12*g**4 + 0. Let x be c(-9). What is the highest common divisor of x and 3?
3
Let m(v) = v + 64. Let l be m(0). Calculate the greatest common divisor of 8 and l.
8
Suppose -2*z + 4*q = -z - 51, -2*q + 112 = 2*z. Suppose 5 = 5*w - z. Calculate the greatest common factor of 18 and w.
6
Suppose 0 = 3*k - 3*j - 33, -4*j - 20 = j. Let y = -25 + 46. What is the highest common divisor of y and k?
7
Let o = -34 + 19. Let c be 2 - (o + (-2 - -1)). Calculate the greatest common divisor of 72 and c.
18
Let j(r) = 4*r + 6. Let m be j(0). Let w be (-1*4)/((-4)/6). What is the greatest common divisor of m and w?
6
Let q = 13 + -9. Let x(w) = 13*w. Let c be x(q). What is the greatest common factor of 13 and c?
13
Let x = 276 + -151. Let c = x + -52. Suppose 5*j = -4*z + c, 0 = -z + 2*j + 4 - 2. Calculate the greatest common factor of 4 and z.
4
Suppose -4*u + 2*u + 5*w = 21, -5*u + 5*w - 15 = 0. Suppose -u*b = b - 15. Calculate the greatest common factor of b and 35.
5
Let w(a) = 9*a + 16. Suppose 4*r - 3*c = 38, -2*r - 2*c + 6 = -6. Let q be w(r). Calculate the greatest common divisor of 11 and q.
11
Suppose 55*h = 975 - 315. Let l(d) = 2*d**2 + 4*d + 6. Let r be l(-5). What is the highest common factor of r and h?
12
Suppose m = 2*s - 18, m = 4*s - 3 - 23. Let x = -2 - m. Let o = 0 - -2. What is the highest common factor of x and o?
2
Let s = 50 - 88. Let f = -6 - s. Suppose -q + 32 = q. Calculate the greatest common factor of f and q.
16
Suppose -5*h + 0*h = -20. What is the highest common divisor of h and 20?
4
Let v be (1/2)/(12/1080). Let a(l) = l**3 + 7*l**2 + 7*l. Let d be a(-5). What is the highest common factor of v and d?
15
Let o(s) = -s**3 + 2*s**2 - s - 6. Let q be o(-2). Suppose -y - 8 = -68. Calculate the greatest common divisor of q and y.
12
Let y be (-39)/(-12)*(3 + 1). Let v(a) = 5*a - 4. Let d be v(6). What is the highest common divisor of y and d?
13
Suppose -103 - 599 = -9*o. What is the greatest common factor of o and 117?
39
Let h be 20/(-6)*(-18)/15. Suppose h*l + 0*d - 28 = 4*d, -l + 13 = -4*d. Calculate the greatest common divisor of 40 and l.
5
Let d(u) = -u**3 - 6*u**2 - u + 3. Let q be d(-6). Calculate the highest common factor of q and 9.
9
Let c be -1 + 5 - 1*6. Let k(j) = j**2 - 3*j - 1. Let o be k(c). What is the highest common divisor of o and 27?
9
Let g(k) = -6*k**3 - 2*k**2 - k - 3. Let c be g(-3). Suppose 0 = -l + 2*l. Suppose l = m + m - 32. Calculate the highest common divisor of m and c.
16
Let m be (-6)/10 + (-918)/(-30). Let l be (5 + -3)*(-5)/(-1). Calculate the greatest common divisor of m and l.
10
Let c be (10/(-2))/(1 + -2). Suppose n + 1 = c. What is the greatest common factor of 28 and n?
4
Suppose -4*m + 0*h = 2*h - 14, -3*m - h = -11. Let c = m - 6. Let z be (c + 7)*14/5. Calculate the greatest common factor of 112 and z.
14
Let q(u) = u**2 + 2*u - 1. Let c be q(3). Suppose -b + 19 = -2. Suppose -231 = -3*d - b. What is the greatest common factor of c and d?
14
Let g(z) = 81*z + 1. Let s be g(3). Suppose -3*i = 79 - s. What is the greatest common divisor of i and 5?
5
Suppose -6*f - 2*m + 26 = -f, 12 = 4*m. Suppose 4*z = -5*g + 173, -g - f*z = 3*g - 140. Calculate the highest common divisor of 11 and g.
11
Let v(l) = 7 + 4*l**2 - 5 + 2*l + 14*l**2. Let u be v(-2). What is the greatest common divisor of u and 10?
10
Let s(p) = 13*p + 6. Let i be s(-10). Let u = -89 - i. Let w be 14/2 - (-1 + 1). What is the highest common divisor of u and w?
7
Let b be ((-24)/9)/((-1)/(-27))*-1. Suppose c - 23 = 2. Suppose -c = 5*v - 65. What is the greatest common factor of v and b?
8
Suppose 9 = -3*n, 5*f + n = 143 + 154. What is the greatest common divisor of 12 and f?
12
Suppose 1 = 2*h - 9. Suppose 3*i + 366 = 5*c, c - h*i - 14 - 46 = 0. Calculate the highest common factor of 15 and c.
15
Suppose 2 - 11 = 3*r. Let a(n) = 2*n**2 + 3*n + 3. Let v be a(r). Calculate the highest common factor of v and 24.
12
Let p(y) = -17*y - 7. Let t be p(6). Let g = 252 + t. What is the highest common divisor of 13 and g?
13
Suppose -w = 3*o - 3, 5*w - o - 4 = 11. Let r = -3 + 13. Let i(h) = -h + 13. Let k be i(r). Calculate the highest common factor of k and w.
3
Suppose 2*q = 12 - 2. Let u = 8 - -2. What is the highest common divisor of q and u?
5
Suppose 0 = -m + 75 + 10. Let x = -60 + m. Calculate the greatest common divisor of x and 200.
25
Let r = 26 - 8. Calculate the highest common divisor of 9 and r.
9
Suppose 2*p - 156 = -2*p - 2*g, -4*p - 5*g = -168. Let d be 21 + (0 - 3)/(-3). Let w = p - d. Calculate the greatest common divisor of 6 and w.
3
Suppose 3*b - 4 = b. Let o = b + 0. Suppose -3*j + o*j + 17 = 0. What is the highest common divisor of 17 and j?
17
Suppose 3*g + 9 = 21. Let z(d) = 6*d**2 - 2*d + 2 + 0*d**3 - d**3 - 4*d + 0*d**2. Let n be z(g). Calculate the greatest common divisor of n and 30.
10
Let j(i) = i**2 - 7*i + 2. Let g be j(7). Calculate the greatest common divisor of 46 and g.
2
Let q(l) = -6 + 3 + 7*l**2 + 4. Let x be q(1). Calculate the greatest common divisor of 48 and x.
8
Let j(z) = 2*z + 27. Let r be j(-6). Calculate the highest common divisor of 3 and r.
3
Suppose 0 = -2*h - 2, 4*l - 5*h = 2*l + 9. What is the greatest common divisor of 9 and l?
1
Suppose -3 = -2*x + 9. Let f(j) = j**2 - 2. Let r be f(2). Let l = r + 2. What is the greatest common divisor of l and x?
2
Suppose 4*m + 12 = 208. What is the greatest common factor of m and 7?
7
Let y be ((-4)/12)/(2/(-156)). What is the greatest common factor of y and 13?
13
Let i be 2/(-9) + 547/(-9). Let h = 118 + i. Let f = h + -38. Calculate the highest common factor of f and 19.
19
Let i(m) = 24*m**2 - 2*m. Let q be i(1). What is the greatest common divisor of 88 and q?
22
Suppose -1 = q - 5, 5*x - 4*q = 104. What is the greatest common factor of x and 16?
8
Let t = -25 - -135. Let g(n) = -n**3 - n**2 + 3*n + 1. Let p be (-1)/3 - (-8)/(-3). Let l be g(p). Calculate the highest common divisor of t and l.
10
Suppose 0 = 2*c + 2*n + 66, -n - 3*n - 165 = 5*c. Let p be (-1 - c)*3/6. What is the greatest common factor of 96 and p?
16
Let f(o) = 2*o + 4. Suppose l - 1 - 3 = 0. Let c be f(l). Calculate the highest common divisor of 6 and c.
6
Let t be 1 + (-9)/((-27)/30). Calculate the greatest common divisor of t and 33.
11
Suppose 880 = -9*g + 13*g. What is the greatest common factor of 88 and g?
44
Let c(w) = -6*w - 22. Let s be c(-10). Let r = -39 + 12. Let t = s + r. Calculate the highest common divisor of t and 55.
11
Suppose -3*d = -x - 3*x + 36, 0 = 4*x + d - 36. Suppose x - 1 = i. Calculate the greatest common factor of i and 4.
4
Let k(f) = -3*f - 1. Let a be k(-2). Suppose 69 = a*r + 5*t - 2*t, -4*r + 52 = 4*t. Let u = 23 - r. Calculate the highest common factor of 8 and u.
8
Suppose 3 + 0 = 3*l. Let t be l*(-16 - 9/(-3)). Let d = 31 + t. Calculate the highest common divisor of d and 90.
18
Suppose 0*r - 52 = -2*t - 2*r, 2*t = -r + 56. Let m be ((-10)/(-4))/((-4)/(-24)). Calculate the highest common factor of t and m.
15
Suppose -120 = -3*y + 2*y + 3*j, 8 = 2*j. Suppose 276 = 24*i - i. Calculate the highest common factor of y and i.
12
Let r(q) = q + 5. Let v be (6/5)/((-27)/(-90)). Let u be r(v). Let k = -23 + 50. What is the highest com